ate the greatest common divisor of z and 6.
6
Let w(t) be the third derivative of 13*t**5/20 - t**4/4 - t**3/2 + 4*t**2. Let h be w(-2). What is the greatest common divisor of h and 15?
15
Let y = 27 + -6. Let c = -2 + y. Calculate the greatest common factor of c and 152.
19
Let t(f) = 16*f**2 - f + 2. Suppose 3*w - w = 4. Let k be t(w). What is the highest common factor of k and 16?
16
Let p = -38 - -53. Suppose 3*t + f = 7, f + 11 = 5*t + 3*f. Suppose -2*l - t*l = -p. What is the highest common factor of l and 12?
3
Let l be 153/((5 - 2)/(-3)). Let a be (-6)/9 + (-22)/3. Let i be a/(-6)*l/(-6). What is the highest common factor of i and 85?
17
Let f = -30 + 44. What is the highest common divisor of f and 7?
7
Suppose -4*l + 2*l - 5*y = -7, -4 = -l - 2*y. Calculate the greatest common factor of 2 and l.
2
Let j(r) = r**3 + 3*r**2 - 3*r + 5. Let m be j(3). Suppose 0*g - 2*g + 31 = 3*u, -3*u - 109 = -5*g. Calculate the highest common factor of m and g.
10
Let j be ((-2)/3)/((-48)/1080). What is the greatest common divisor of j and 30?
15
Suppose 4*l - 152 = -4*w, l = 4*w - 152 + 15. Suppose 2*g = -q + 5, -q - 10 = 3*g + 4*q. Calculate the greatest common factor of w and g.
5
Suppose -2*k = 3*v + 48, -2*v - 35 = -5*k - 136. Let j = 36 + k. Let p be 2 + -3 + j - -2. Calculate the greatest common factor of 2 and p.
2
Let f = 47 - 25. Let y be (-4)/(-6)*45/(-6). Let q = y - -7. Calculate the greatest common divisor of f and q.
2
Let m be 1 - -1 - -1*1. Suppose -m*t - 19 = -2*z, 6*z + 3*t - 51 = 3*z. Let l be (-61)/(-4) - (3 + 56/(-32)). What is the highest common factor of l and z?
14
Let u(r) = 16*r**2 + 8*r. Let k be 966/231 - (-2)/(-11). Let w be u(k). Calculate the highest common divisor of 36 and w.
36
Let b be 2 - (-4)/(-12)*0. Suppose -3*u = -h - 3 + 19, u + 10 = 5*h. What is the highest common factor of h and b?
1
Suppose 5*a + 3*t = 9 + 36, 0 = -5*a - t + 35. Calculate the greatest common divisor of 24 and a.
6
Let c(t) = t**2 - 3*t - 20. Let x be c(-12). Calculate the highest common factor of 64 and x.
32
Let x = -4 - -14. Let u = 5 - 7. Let i be u/(-2)*(8 - -2). What is the highest common divisor of x and i?
10
Suppose 40 = 2*k - 78. Suppose -5*z + 31 + k = 0. Suppose i = 2*y - 63 + z, 3*y = -5*i + 87. What is the highest common divisor of 8 and y?
8
Let n(t) = t - 6. Let d be n(7). Let k = 6 - 2. Let z = k + -3. What is the highest common divisor of z and d?
1
Let m be 249/15 - (-9)/(-15). What is the greatest common divisor of m and 16?
16
Let h be 0 + -1 + 0 + 3. Suppose w + h*t - 20 = 0, -3*t + 2 = 5. Suppose 5*i = -w - 3, 4*i = -3*a + 142. Calculate the highest common factor of a and 6.
6
Let t be ((-18)/21)/((-3)/21). Suppose y + t = 4*i - 10, 3*y = -5*i + 37. Let u = y + 6. What is the highest common divisor of u and 5?
5
Let z(r) = 2*r**3 - 4*r + 5. Let s be z(4). Calculate the highest common factor of 13 and s.
13
Let m = 3 - 2. Calculate the greatest common factor of 1 and m.
1
Let v = 16 + 44. Calculate the greatest common factor of 15 and v.
15
Suppose -2*a - 165 = -2*x - a, -3*x + 231 = 4*a. Calculate the highest common divisor of x and 54.
27
Let j be 8 - 5 - (-1 - -2). Suppose -j*k - k = -150. Let y(t) = t**2 - 2*t - 5. Let l be y(-8). What is the highest common factor of l and k?
25
Let f(c) = -c**3 - 15*c**2 - 31*c - 19. Let n be f(-13). What is the greatest common factor of n and 115?
23
Suppose -3*d + 2 = -10, 3*s = -4*d + 49. Suppose 0 = 5*v + 5*a + 3 - 13, -2*v - 5*a + 7 = 0. What is the greatest common divisor of v and s?
1
Suppose -4*k = -6*k + 70. Suppose 10 = -3*b - 5, 2*t + 5*b + 11 = 0. What is the highest common factor of t and k?
7
Suppose 20 = -5*r + 5*q - 5, 0 = -2*r - 2*q - 2. Let l = r + 1. Let w be l/(-3) - (-34)/3. What is the greatest common factor of 108 and w?
12
Let o(v) = -v**3 - 2*v**2 - 3*v - 9. Let m(s) = s**3 - 3*s**2 - 3*s + 3. Let p be m(3). Let i be o(p). Calculate the greatest common factor of 17 and i.
17
Let h = 8 - 15. Let c = h - -12. What is the highest common divisor of 40 and c?
5
Suppose -3*b = 5*z - 5*b - 140, 4*z - 5*b - 95 = 0. Let k be (-36)/(-8)*z/9. What is the highest common factor of 90 and k?
15
Let v = 92 - 135. Let h = v - -75. Calculate the greatest common divisor of h and 4.
4
Let d be (-3)/(-6)*50 + 1. Let f = 17 - d. Let a be ((2 - 1) + f)*-1. What is the highest common factor of a and 1?
1
Suppose -13*l + l = -48. What is the highest common factor of 28 and l?
4
Let w be (-68)/6 + 2/6. Let k = 7 - w. Calculate the greatest common factor of 9 and k.
9
Let r = 20 + -15. Suppose r*f + 0*l = -5*l + 245, 0 = -2*f + 5*l + 70. Calculate the greatest common factor of f and 5.
5
Suppose -12 = 3*o - 4*o. Let a be (-2)/(-8) - (-345)/o. Let n be 4/12 + a/3. Calculate the highest common divisor of n and 30.
10
Let a = 47 + 16. Let y be ((-12)/(-9))/(6/a). What is the highest common divisor of 7 and y?
7
Suppose 3*h - 27 = -6. Let f = -4 + h. Suppose -25 = -f*t - 2*t. Calculate the greatest common divisor of t and 45.
5
Suppose 2*c = -0*c - 10, 5*c = 2*z - 297. Calculate the greatest common divisor of 8 and z.
8
Suppose 4*m - 2*g - 258 = 0, g - 135 = -4*m + 2*m. What is the highest common divisor of 6 and m?
6
Let y(m) = -5*m + 6. Suppose -3*r - 10 + 52 = 0. Suppose 5*n - r = -x, -2*n + 8 = -0. Let z be y(x). Calculate the greatest common divisor of z and 54.
18
Suppose 0 = 2*p - 174 - 266. What is the highest common factor of p and 20?
20
Suppose 0 = -0*c + 4*c + x - 21, -3*c = x - 16. Let d(i) = -10*i + 5. Let f be d(-4). What is the greatest common factor of f and c?
5
Let m be -6*9/(-6) + -3. Calculate the highest common factor of m and 42.
6
Let m(h) = -h**3 - 7*h**2 - 9*h + 12. Let w be m(-6). Calculate the highest common factor of w and 45.
15
Let y = -2 + -4. Let b(q) = -q**2 - 9*q - 8. Let i be b(y). Let h = -14 - -16. Calculate the greatest common divisor of i and h.
2
Suppose 2*a + 8 = -4*k, 0 = -5*k + 8 - 3. Let v = a + 27. Calculate the highest common factor of v and 21.
21
Let p be (36/(-3))/(-6)*(-2)/(-4). Let m = -10 + 7. Let t = p - m. Calculate the greatest common divisor of 28 and t.
4
Let v = 60 - 0. What is the greatest common factor of v and 24?
12
Suppose 11*m = 7*m + 360. Suppose 25 = 2*g + 3*j, 0*j - 2*j = 5*g - m. Calculate the greatest common factor of 20 and g.
20
Let v be (1 + 0)*(-4 - -3). Let x be v/6 + (-73)/(-6). Let q be ((-1 - 4) + -1)*-4. Calculate the highest common factor of x and q.
12
Let j = 22 + -2. Let u(s) = s**3 + 7*s**2 - 2*s - 6. Let n be u(-4). What is the greatest common factor of n and j?
10
Suppose 3*x - 295 = 593. Calculate the greatest common divisor of 37 and x.
37
Let m = 12 + 14. What is the greatest common factor of 13 and m?
13
Let y = -6 - -7. Let h be 297/(y + 2) + 0. Calculate the highest common divisor of h and 9.
9
Suppose 4*z + z = 15. Calculate the greatest common factor of 27 and z.
3
Suppose 3*s - s - 1620 = 0. Suppose 0 = -8*x + 3*x + s. Let a be 0 + 1 + 16 + 1. What is the greatest common factor of a and x?
18
Let f be 4/14 - (-10)/(-35). Suppose 4*p + p = f. Suppose p*l + 18 = 2*l. What is the greatest common factor of l and 45?
9
Let d(u) = 49*u**3 - u**2. Let s be d(1). Let a = 161 - 145. What is the greatest common factor of s and a?
16
Let p(n) = n + 3. Let u be p(19). What is the greatest common factor of u and 176?
22
Let i = -117 - -194. Let q = -23 - -40. Let o = -6 + q. What is the highest common factor of o and i?
11
Let n be (4/(-6))/(3/9). Let d be n - (1 + -10 + -2). Suppose 2*y + 8 = 0, 2*c + y - 120 = 4*y. Calculate the highest common divisor of d and c.
9
Let d = 45 + -26. Suppose 133 = 6*n + n. What is the highest common divisor of n and d?
19
Suppose 2*x - 2*u - 12 = 2*u, 4*u = 4*x - 20. Suppose 0 = -3*n - 5*h + 26, -n + x*h - 8 + 28 = 0. Calculate the highest common divisor of n and 6.
6
Suppose -3*v + 14 = 8. Suppose 2*o + 3*s - 255 = 0, -2*o + 290 = -2*s - v*s. Calculate the greatest common divisor of 27 and o.
27
Let s(c) be the third derivative of c**6/24 - c**5/60 + c**3/6 + c**2. Let n be s(1). Let h be (-10)/6*(-18)/15. What is the greatest common divisor of n and h?
1
Let w = 91 - 69. What is the greatest common divisor of w and 143?
11
Let c = 532 - 356. Suppose 0 = -3*l - 20 + 6